alse
Is 160080 a multiple of 8?
True
Is 179 a factor of 14662606?
True
Is 29 a factor of 206449?
False
Is 1177357 a multiple of 242?
False
Is 15 a factor of 8027?
False
Is 128 a factor of 4021814?
False
Does 300 divide 7592292?
False
Is 17513760 a multiple of 330?
True
Is 3 a factor of 716575?
False
Is 284 a factor of 1452300?
False
Does 112 divide 2624419?
False
Is 252718 a multiple of 184?
False
Is 8 a factor of 760860?
False
Does 59 divide 62009?
True
Is 12 a factor of 128892?
True
Is 3065832 a multiple of 3?
True
Does 16 divide 5252217?
False
Does 26 divide 109960?
False
Is 4125798 a multiple of 417?
True
Is 12323682 a multiple of 329?
True
Is 246551 a multiple of 15?
False
Does 41 divide 180914?
False
Is 337 a factor of 627800?
False
Is 1029725 a multiple of 25?
True
Does 69 divide 1800853?
False
Is 31 a factor of 1644984?
True
Is 90 a factor of 343620?
True
Is 265880 a multiple of 5?
True
Is 9438893 a multiple of 134?
False
Is 2780064 a multiple of 63?
True
Does 15 divide 983545?
False
Does 74 divide 26637?
False
Does 53 divide 4031104?
False
Does 7 divide 90054?
False
Does 10 divide 78250?
True
Is 196942 a multiple of 38?
False
Does 23 divide 780729?
False
Is 222 a factor of 277278?
True
Is 7 a factor of 501508?
True
Is 169120 a multiple of 14?
True
Does 11 divide 98633?
False
Is 77 a factor of 4139212?
True
Is 68715 a multiple of 15?
True
Is 1007055 a multiple of 117?
False
Does 447 divide 221265?
True
Is 8521 even?
False
Is 2066 even?
True
Is 47205 a multiple of 3?
True
Does 28 divide 105896?
True
Is 495792 a multiple of 11?
True
Is 1985186 a multiple of 14?
True
Is 4 a factor of 52230?
False
Is 248 a factor of 4053498?
False
Is 123 a factor of 453180?
False
Is 30 a factor of 170790?
True
Is 285 a factor of 201664?
False
Is 828541 a multiple of 259?
True
Is 587 a factor of 4586818?
True
Is 125464 a multiple of 4?
True
Is 12 a factor of 1167909?
False
Is 1989299 a multiple of 149?
True
Is 71 a factor of 14703106?
True
Does 14 divide 58667?
False
Does 269 divide 766898?
False
Is 30 a factor of 414360?
True
Does 36 divide 2424002?
False
Is 340856 a multiple of 51?
False
Is 1233 a factor of 10284453?
True
Is 4339116 a multiple of 26?
False
Is 1263 a factor of 6315?
True
Is 162270 a multiple of 5?
True
Does 652 divide 1805017?
False
Is 878640 a multiple of 443?
False
Is 2027772 a multiple of 2?
True
Is 39 a factor of 698724?
True
Does 54 divide 2517804?
True
Is 44725 a multiple of 25?
True
Does 878 divide 5260976?
True
Is 330 a factor of 1808499?
False
Is 980 a factor of 2396100?
True
Is 4 a factor of 892308?
True
Is 519204 a multiple of 42?
True
Is 3014660 a multiple of 5?
True
Does 227 divide 388105?
False
Does 69 divide 152835?
True
Is 48 a factor of 606288?
True
Is 37 a factor of 33440?
False
Is 623 a factor of 334577?
False
Is 8 a factor of 49992?
True
Is 613418 a multiple of 19?
False
Does 6 divide 51222?
True
Is 189699 a multiple of 136?
False
Does 7 divide 892852?
False
Is 1745274 a multiple of 446?
False
Is 65 a factor of 1806024?
False
Does 4 divide 934690?
False
Is 111 a factor of 123177?
False
Is 4362004 a multiple of 148?
True
Is 237690 a multiple of 99?
False
Does 180 divide 127173?
False
Is 23 a factor of 715162?
True
Is 113 a factor of 329723?
False
Does 9 divide 25799310?
True
Does 5 divide 1508543?
False
Does 439 divide 7032341?
True
Does 27 divide 3624?
False
Is 254 a factor of 134112?
True
Is 298 a factor of 638316?
True
Does 112 divide 6878256?
True
Is 3396605 a multiple of 793?
False
Is 61404 a multiple of 13?
False
Does 10 divide 421954?
False
Is 144 a factor of 26496?
True
Does 1825 divide 3321500?
True
Is 25207 a multiple of 4?
False
Is 6 a factor of 224564?
False
Does 12 divide 6492?
True
Is 69 a factor of 223698?
True
Does 43 divide 717620?
False
Is 29 a factor of 158688?
True
Is 19190850 a multiple of 30?
True
Is 105 a factor of 1521030?
True
Is 23 a factor of 3628906?
False
Does 12 divide 141612?
True
Is 489800 a multiple of 46?
False
Is 961 a factor of 15128339?
False
Is 4857602 a multiple of 7?
False
Does 6 divide 164481?
False
Is 25 a factor of 41950?
True
Does 49 divide 7468286?
True
Does 4 divide 6027418?
False
Does 19 divide 221707?
False
Is 558371 a multiple of 15?
False
Is 1923559 a multiple of 361?
False
Is 163390 a multiple of 13?
False
Does 72 divide 1194663?
False
Does 677 divide 90736?
False
Is 10210194 a multiple of 12?
False
Does 210 divide 51072?
False
Does 3 divide 405786?
True
Does 2 divide 763705?
False
Does 576 divide 4996800?
True
Is 72711 a multiple of 54?
False
Is 8 a factor of 171269?
False
Does 10 divide 679120?
True
Is 56 a factor of 616554?
False
Is 9 a factor of 131680?
False
Is 1147438 a multiple of 648?
False
Does 110 divide 6206212?
False
Is 916735 a multiple of 15?
False
Is 6 a factor of 519275?
False
Is 1012356 a multiple of 732?
True
Does 9 divide 841620?
False
Is 554850 a multiple of 810?
True
Is 305 a factor of 2945385?
True
Is 26 a factor of 210548?
True
Is 9 a factor of 106641?
True
Is 1163016 a multiple of 795?
False
Does 33 divide 141735?
True
Is 439648 a multiple of 352?
True
Does 6 divide 122400?
True
Is 237993 a multiple of 7?
True
Does 360 divide 13313822?
False
Is 17 a factor of 635171?
True
Is 6845307 a multiple of 11?
False
Does 23 divide 3643568?
True
Does 21 divide 23551?
False
Is 2216 a multiple of 5?
False
Is 145035 a multiple of 15?
True
Is 96835 a multiple of 14?
False
Is 262755 a multiple of 15?
True
Is 16764 a multiple of 44?
True
Is 10 a factor of 8331050?
True
Is 4543640 a multiple of 153?
False
Does 57 divide 204345?
True
Is 28 a factor of 269640?
True
Does 9 divide 28026?
True
Is 6251750 a multiple of 5?
True
Is 20 a factor of 421251?
False
Does 66 divide 5838279?
False
Is 145948 a multiple of 62?
True
Is 3532716 a multiple of 22?
True
Is 233 a factor of 310822?
True
Is 74 a factor of 100936?
True
Is 18142787 a multiple of 139?
False
Is 5 a factor of 101803?
False
Is 10 a factor of 122262?
False
Is 703237 a multiple of 698?
False
Does 28 divide 8424108?
True
Is 20 a factor of 595680?
True
Is 23145 a multiple of 15?
True
Is 129725 a multiple of 388?
False
Is 266440 a multiple of 10?
True
Is 533 a factor of 6443437?
True
Is 45 a factor of 1321643?
False
Is 653 a factor of 2522539?
True
Does 20 divide 1176960?
True
Is 1017430 a multiple of 3?
False
Does 261 divide 502425?
True
Does 156 divide 821340?
True
Does 25 divide 749025?
True
Is 931331 a multiple of 14?
False
Does 646 divide 3264238?
True
Is 166 a factor of 240551?
False
Is 192 a factor of 128750?
False
Is 604815 a multiple of 61?
True
Is 404362 a multiple of 14?
True
Does 20 divide 444676?
False
Is 103 a factor of 149350?
True
Does 694 divide 167254?
True
Is 109 a factor of 282981?
False
Does 71 divide 578949?
False
Is 34 a factor of 434391?
False
Is 1328527 a multiple of 73?
True
Is 9 a factor of 31819?
False
Is 14 a factor of 452463?
False
Is 12090 a multiple of 30?
True
Is 30 a factor of 19666066?
False
Is 17 a factor of 139888?
False
Is 2726 a factor of 17571796?
True
Is 2541336 a multiple of 7?
True
Is 5007 a multiple of 5?
False
Is 23 a factor of 7598579?
True
Does 54 divide 607392?
True
Is 8 a factor of 50608?
True
Is 1322602 a multiple of 586?
True
Is 591002 a multiple of 15?
False
Does 53 divide 2372395?
False
Is 14344724 a multiple of 52?
False
Does 28 divide 47243?
False
Is 12 a factor of 70205?
False
Is 18102 a multiple of 85?
False
Does 116 divide 84100?
True
Does 15 divide 359610?
True
Is 151991 a multiple of 7?
True
Is 34 a factor of 9180?
True
Is 224145 a multiple of 9?
True
Is 126 a factor of 68734?
False
Is 21 a factor of 456666?
True
Is 4885831 a multiple of 97?
False
Is 651762 a multiple of 26?
False
Does 37 divide 1412314?
False
Is 290 a factor of 14685020?
True
Does 173 divide 886798?
True
Is 1936970 a multiple of 85?
False
Does 147 divide 132758?
False
Is 395069 a multiple of 43?
False
Is 4 a factor of 23076?
True
Is 374134 a multiple of 555?
False
Does 1322 divide 21182434?
False
Is 5 a factor of 179065?
True
Is 61893 a multiple of 299?
True
Is 1790425 a multiple of 111?
False
Is 2 a factor of 1295550?
True
Is 3 a factor of 441802?
False
Does 35 divide 477925?
True
Is 251 a factor of 6967007?
True
Is 20 a factor of 20769?
False
Is 106 a factor of 34063?
False
Is 175490 